-200
11111 (base 2) to base 11
29
What is -20 (base 16) in base 14?
-24
Convert 32 (base 6) to base 2.
10100
Convert -25 (base 8) to base 15.
-16
1 (base 6) to base 9
1
What is -b (base 16) in base 4?
-23
Convert -38 (base 10) to base 15.
-28
Convert 9 (base 12) to base 10.
9
10 (base 2) to base 8
2
-3 (base 6) to base 9
-3
-12 (base 15) to base 13
-14
-37 (base 16) to base 12
-47
124 (base 7) to base 12
57
Convert 55 (base 13) to base 6.
154
What is 1 (base 12) in base 9?
1
What is -20 (base 6) in base 2?
-1100
-3 (base 16) to base 12
-3
Convert -11 (base 8) to base 9.
-10
-411 (base 5) to base 13
-82
Convert -93 (base 12) to base 9.
-133
Convert 13 (base 4) to base 8.
7
What is 1 (base 11) in base 5?
1
Convert 45 (base 8) to base 9.
41
Convert 20 (base 13) to base 11.
24
What is -145 (base 8) in base 5?
-401
Convert -4 (base 10) to base 15.
-4
Convert -13 (base 4) to base 14.
-7
Convert 531 (base 7) to base 10.
267
Convert 3 (base 5) to base 3.
10
What is -8 (base 10) in base 9?
-8
What is 6 (base 7) in base 14?
6
What is -1110001 (base 2) in base 11?
-a3
-13 (base 16) to base 8
-23
What is 10 (base 10) in base 16?
a
-2 (base 14) to base 8
-2
2 (base 14) to base 5
2
What is -2b (base 12) in base 7?
-50
-14 (base 7) to base 5
-21
Convert -6 (base 14) to base 11.
-6
Convert 344 (base 6) to base 3.
12001
Convert 1 (base 5) to base 15.
1
What is 2 (base 5) in base 13?
2
What is -10 (base 5) in base 13?
-5
Convert -101 (base 2) to base 16.
-5
7 (base 15) to base 14
7
13 (base 7) to base 6
14
Convert 24 (base 16) to base 4.
210
Convert 2 (base 3) to base 16.
2
Convert -2 (base 9) to base 4.
-2
2001 (base 3) to base 11
50
111111 (base 2) to base 5
223
What is 13 (base 5) in base 9?
8
What is 112 (base 4) in base 9?
24
-72 (base 15) to base 14
-79
Convert 20 (base 5) to base 3.
101
What is -50 (base 14) in base 10?
-70
Convert 0 (base 6) to base 3.
0
-3 (base 14) to base 11
-3
Convert -18 (base 13) to base 16.
-15
3 (base 9) to base 6
3
1 (base 8) to base 15
1
Convert -1 (base 5) to base 14.
-1
-3 (base 10) to base 6
-3
Convert 1 (base 5) to base 9.
1
Convert -131 (base 5) to base 3.
-1112
13 (base 6) to base 11
9
Convert -5c (base 14) to base 5.
-312
What is 84 (base 9) in base 12?
64
What is -160 (base 8) in base 7?
-220
-21 (base 7) to base 2
-1111
29 (base 13) to base 7
50
Convert -4 (base 12) to base 6.
-4
What is -1 (base 12) in base 7?
-1
What is 9 (base 14) in base 2?
1001
-4b (base 13) to base 3
-2100
Convert 3 (base 7) to base 8.
3
Convert 4 (base 13) to base 12.
4
2 (base 16) to base 7
2
-3 (base 5) to base 7
-3
Convert 12 (base 8) to base 6.
14
What is -212 (base 8) in base 3?
-12010
Convert 222 (base 4) to base 10.
42
90 (base 13) to base 9
140
Convert 0 (base 3) to base 11.
0
What is 0 (base 6) in base 12?
0
64 (base 14) to base 6
224
Convert -307 (base 8) to base 14.
-103
What is 2 (base 14) in base 11?
2
Convert -32 (base 5) to base 12.
-15
7 (base 8) to base 10
7
What is -111 (base 2) in base 8?
-7
What is -6 (base 12) in base 8?
-6
Convert 18 (base 15) to base 5.
43
What is 229 (base 13) in base 4?
11311
Convert b3 (base 12) to base 14.
99
Convert -221 (base 4) to base 16.
-29
What is -21 (base 4) in base 8?
-11
What is -70 (base 10) in base 2?
-1000110
Convert 446 (base 7) to base 8.
346
-10111 (base 2) to base 8
-27
-1101001 (base 2) to base 5
-410
Convert -42 (base 8) to base 2.
-100010
What is -39 (base 14) in base 15?
-36
What is -18 (base 9) in base 4?
-101
What is -13 (base 8) in base 10?
-11
Convert -143 (base 6) to base 11.
-58
What is 10 (base 2) in base 10?
2
What is 30 (base 9) in base 4?
123
1a0 (base 14) to base 2
101010000
Convert -32 (base 11) to base 4.
-203
-aa (base 14) to base 10
-150
What is -8 (base 10) in base 6?
-12
-2 (base 16) to base 6
-2
What is -1 (base 15) in base 7?
-1
32 (base 7) to base 16
17
What is 11 (base 2) in base 14?
3
Convert -16 (base 9) to base 7.
-21
What is 130 (base 14) in base 11?
1a7
What is -1010 (base 2) in base 8?
-12
Convert 6c (base 15) to base 4.
1212
Convert 2 (base 13) to base 11.
2
2 (base 15) to base 13
2
What is -36 (base 14) in base 9?
-53
Convert -101 (base 15) to base 12.
-16a
Convert 444 (base 8) to base 4.
10210
-3 (base 6) to base 5
-3
What is 135 (base 6) in base 14?
43
Convert -24 (base 14) to base 11.
-2a
Convert 4 (base 7) to base 8.
4
What is -13 (base 7) in base 14?
-a
1 (base 6) to base 7
1
What is 9 (base 10) in base 14?
9
What is 1 (base 7) in base 16?
1
1 (base 2) to base 3
1
Convert 7a (base 14) to base 16.
6c
28 (base 11) to base 8
36
What is -42 (base 7) in base 9?
-33
-2 (base 15) to base 4
-2
-105 (base 8) to base 13
-54
What is -10 (base 4) in base 15?
-4
10 (base 16) to base 12
14
What is 10222 (base 3) in base 4?
1223
What is -2002 (base 3) in base 8?
-70
What is -6 (base 10) in base 12?
-6
8 (base 14) to base 8
10
What is 2 (base 12) in base 7?
2
11 (base 10) to base 13
b
-214 (base 6) to base 15
-57
Convert 7 (base 13) to base 9.
7
What is 24 (base 5) in base 2?
1110
Convert -109 (base 11) to base 4.
-2002
-97 (base 12) to base 13
-8b
What is 122 (base 6) in base 13?
3b
-110 (base 2) to base 8
-6
Convert -1101100 (base 2) to base 7.
-213
Convert 220 (base 3) to base 15.
19
61 (base 9) to base 4
313
Convert 29 (base 16) to base 15.
2b
-2100 (base 4) to base 7
-264
-182 (base 13) to base 8
-423
Convert -3 (base 15) to base 2.
-11
112 (base 4) to base 7
31
1204 (base 5) to base 11
153
Convert -a (base 11) to base 14.
-a
1 (base 4) to base 12
1
Convert 10100 (base 2) to base 11.
19
133 (base 16) to base 6
1231
14 (base 15) to base 11
18
-6 (base 15) to base 9
-6
2 (base 14) to base 7
2
What is 100 (base 2) in base 16?
4
What is -1 (base 13) in base 6?
-1
What is -31 (base 4) in base 11?
-12
-2 (base 10) to base 2
-10
Convert 2 (base 12) to base 16.
2
Convert -3 (base 13) to base 16.
-3
Convert 3 (base 4) to base 13.
3
What is -111111 (base 2) in base 9?
-70
What is -12 (base 13) in base 5?
-30
Convert 5 (base 16) to base 15.
5
-78 (base 12) to base 16
-5c
What is -4 (base 16) in base 13?
-4
Convert -d (base 14) to base 10.
-13
Convert -2 (base 10) to base 15.
-2
Convert -26 (base 14) to base 5.
-114
Convert -6 (base 10) to base 16.
-6
-1 (base 10) to base 6
-1
Convert 0 (base 13) to base 7.
0
-377 (base 8) to base 2
-11111111
What is -66 (base 8) in base 5?
-204
2 (base 6) to base 3
2
Convert 10 (base 8) to base 11.
8
What is 9 (base 14) in base 9?
10
What is 11 (base 6) in base 11?
7
-3c (base 13) to base 14
-39
10020 (base 3) to base 4
1113
-2 (base 16) to base 6
-2
-105 (base 7) to base 5
-204
Convert 10 (base 2) to base 4.
2
Convert -131 (base 4) to base 14.
-21
What is 0 (base 15) in base 16?
0
What is 13 (base 13) in base 2?
10000
Convert -3 (base 8) to base 7.
-3
-230 (base 4) to base 14
-32
What is 163 (base 8) in base 6?
311
59 (base 11) to base 9
71
3 (base 11) to base 8
3
What is -19 (base 14) in base 3?
-212
What is 8 (base 10) in base 3?
22
16 (base 12) to base 11
17
-2 (base 9) to base 11
-2
Convert 3 (base 9) to base 6.
3
-3e (base 16) to base 9
-68
1 (base 7) to base 3
1
Convert 6 (base 9) to base 14.
6
14 (base 5) to base 12
9
What is 1 (base 12) in base 3?
1
10 (base 10) to base 9
11
-56 (base 7) to base 12
-35
-1 (base 9) to base 16
-1
Convert 3 (base 6) to base 2.
11
23 (base 14) to base 6
51
1a (base 14) to base 13
1b
-15 (base 6) to base 9
-12
What is 6 (base 13) in base 8?
6
3 (base 16) to base 5
3
12 (base 3) to base 7
5
What is -31 (base 9) in base 3?
-1001
What is -203 (base 4) in base 5?
-120
1 (base 15) to base 2
1
-22 (base 8) to base 13
-15
3 (base 12) to base 2
11
e (base 16) to base 5
24
Convert 4 (base 14) to base 11.
4
Convert 4 (base 11) to base 9.
4
Convert 1041 (base 6) to base 7.
463
Convert -70 (base 10) to base 9.
-77
Convert -3 (base 15) to base 4.
-3
-11 (base 16) to base 3
-122
Convert 5 (base 16) to base 7.
5
Convert -102 (base 9) to base 5.
-313
What is 535 (base 6) in base 13?
128
Convert -31 (base 10) to base 8.
-37
-2 (base 5) to base 10
-2
Convert 231 (base 10) to base 16.
e7
Convert -11 (base 12) to base 14.
-d
9 (base 10) to base 15
9
What is -3 (base 6) in base 2?
-11
Convert -2 (base 6) to base 8.
-2
a (base 15) to base 10
10
Convert -11 (base 14) to base 8.
-17
What is 12 (base 3) in base 16?
5